{"id":8080,"date":"2024-10-01T00:59:49","date_gmt":"2024-09-30T18:59:49","guid":{"rendered":"https:\/\/alpiste.co.cr\/?post_type=product&#038;p=8080"},"modified":"2026-02-11T07:52:04","modified_gmt":"2026-02-11T01:52:04","slug":"monari-federzoni-reduccion-balsamica-clasica-250-g","status":"publish","type":"product","link":"https:\/\/alpiste.co.cr\/en\/product\/monari-federzoni-reduccion-balsamica-clasica-250-g\/","title":{"rendered":"Monari Federzoni Reducci\u00f3n bals\u00e1mica cl\u00e1sica 250 g"},"content":{"rendered":"","protected":false},"excerpt":{"rendered":"<p>Los glaseados con Vinagre Bals\u00e1mico de Modena son suaves, espesos y cremosos, y est\u00e1n inspirados en las recetas originales de la tradici\u00f3n de Modena. Se elaboran concentrando Vinagre Bals\u00e1mico de M\u00f3dena a temperatura controlada para mantener intacto su perfil de sabor y textura. Agradablemente cremoso y perfumado con un sabor dulce, un condimento excepcional para acompa\u00f1ar sus platos.<\/p>","protected":false},"featured_media":8081,"comment_status":"open","ping_status":"closed","template":"","meta":{"_acf_changed":false},"product_cat":[428],"product_tag":[],"pais-productos":[],"marca-productos":[],"acf":[],"_links":{"self":[{"href":"https:\/\/alpiste.co.cr\/en\/wp-json\/wp\/v2\/product\/8080"}],"collection":[{"href":"https:\/\/alpiste.co.cr\/en\/wp-json\/wp\/v2\/product"}],"about":[{"href":"https:\/\/alpiste.co.cr\/en\/wp-json\/wp\/v2\/types\/product"}],"replies":[{"embeddable":true,"href":"https:\/\/alpiste.co.cr\/en\/wp-json\/wp\/v2\/comments?post=8080"}],"wp:featuredmedia":[{"embeddable":true,"href":"https:\/\/alpiste.co.cr\/en\/wp-json\/wp\/v2\/media\/8081"}],"wp:attachment":[{"href":"https:\/\/alpiste.co.cr\/en\/wp-json\/wp\/v2\/media?parent=8080"}],"wp:term":[{"taxonomy":"product_cat","embeddable":true,"href":"https:\/\/alpiste.co.cr\/en\/wp-json\/wp\/v2\/product_cat?post=8080"},{"taxonomy":"product_tag","embeddable":true,"href":"https:\/\/alpiste.co.cr\/en\/wp-json\/wp\/v2\/product_tag?post=8080"},{"taxonomy":"pais-productos","embeddable":true,"href":"https:\/\/alpiste.co.cr\/en\/wp-json\/wp\/v2\/pais-productos?post=8080"},{"taxonomy":"marca-productos","embeddable":true,"href":"https:\/\/alpiste.co.cr\/en\/wp-json\/wp\/v2\/marca-productos?post=8080"}],"curies":[{"name":"wp","href":"https:\/\/api.w.org\/{rel}","templated":true}]}}

Monari Federzoni Reducción balsámica clásica 250 g

<p>Los glaseados con Vinagre Balsámico de Modena son suaves, espesos y cremosos, y están inspirados en las recetas originales de la tradición de Modena. Se elaboran concentrando Vinagre Balsámico de Módena a temperatura controlada para mantener intacto su perfil de sabor y textura. Agradablemente cremoso y perfumado con un sabor dulce, un condimento excepcional para acompañar sus platos.</p>
