{"id":4851,"date":"2021-12-15T13:05:35","date_gmt":"2021-12-15T07:05:35","guid":{"rendered":"https:\/\/alpiste.co.cr\/product\/pasta-trad-choco-blanco\/"},"modified":"2022-07-30T08:57:16","modified_gmt":"2022-07-30T02:57:16","slug":"pasta-trad-choco-blanco","status":"publish","type":"product","link":"https:\/\/alpiste.co.cr\/en\/product\/pasta-trad-choco-blanco\/","title":{"rendered":"Pasta Trad. Choco Blanco  55502   5 Kg"},"content":{"rendered":"<p>https:\/\/alpiste.co.cr\/product\/pasta-trad-choco-blanco\/<\/p>","protected":false},"excerpt":{"rendered":"<p>Aunque el color es amarillo p\u00e1lido, el sabor es vibrante y rico, lleno del sabor \u00fanico de la forma m\u00e1s delicada de chocolates. Una pasta si gluten de elevada calidad, que reproduce fielmente el sabor, el aroma y la textura del mejor chocolate blanco.<\/p>","protected":false},"featured_media":3599,"comment_status":"closed","ping_status":"open","template":"","meta":{"_acf_changed":false},"product_cat":[394,573],"product_tag":[],"pais-productos":[38],"marca-productos":[574],"acf":[],"_links":{"self":[{"href":"https:\/\/alpiste.co.cr\/en\/wp-json\/wp\/v2\/product\/4851"}],"collection":[{"href":"https:\/\/alpiste.co.cr\/en\/wp-json\/wp\/v2\/product"}],"about":[{"href":"https:\/\/alpiste.co.cr\/en\/wp-json\/wp\/v2\/types\/product"}],"replies":[{"embeddable":true,"href":"https:\/\/alpiste.co.cr\/en\/wp-json\/wp\/v2\/comments?post=4851"}],"wp:featuredmedia":[{"embeddable":true,"href":"https:\/\/alpiste.co.cr\/en\/wp-json\/wp\/v2\/media\/3599"}],"wp:attachment":[{"href":"https:\/\/alpiste.co.cr\/en\/wp-json\/wp\/v2\/media?parent=4851"}],"wp:term":[{"taxonomy":"product_cat","embeddable":true,"href":"https:\/\/alpiste.co.cr\/en\/wp-json\/wp\/v2\/product_cat?post=4851"},{"taxonomy":"product_tag","embeddable":true,"href":"https:\/\/alpiste.co.cr\/en\/wp-json\/wp\/v2\/product_tag?post=4851"},{"taxonomy":"pais-productos","embeddable":true,"href":"https:\/\/alpiste.co.cr\/en\/wp-json\/wp\/v2\/pais-productos?post=4851"},{"taxonomy":"marca-productos","embeddable":true,"href":"https:\/\/alpiste.co.cr\/en\/wp-json\/wp\/v2\/marca-productos?post=4851"}],"curies":[{"name":"wp","href":"https:\/\/api.w.org\/{rel}","templated":true}]}}

<p>Aunque el color es amarillo pálido, el sabor es vibrante y rico, lleno del sabor único de la forma más delicada de chocolates. Una pasta si gluten de elevada calidad, que reproduce fielmente el sabor, el aroma y la textura del mejor chocolate blanco.</p>
