{"id":4803,"date":"2021-12-15T13:05:19","date_gmt":"2021-12-15T07:05:19","guid":{"rendered":"https:\/\/alpiste.co.cr\/product\/pasta-trad-cafe\/"},"modified":"2022-07-30T08:57:11","modified_gmt":"2022-07-30T02:57:11","slug":"pasta-trad-cafe","status":"publish","type":"product","link":"https:\/\/alpiste.co.cr\/en\/product\/pasta-trad-cafe\/","title":{"rendered":"Pasta Trad.  Cafe  28072    3 Kg"},"content":{"rendered":"<p>https:\/\/alpiste.co.cr\/product\/pasta-trad-cafe\/<\/p>","protected":false},"excerpt":{"rendered":"<p>Los granos de caf\u00e9 elaborados a la perfecci\u00f3n producen la esencia de caf\u00e9 m\u00e1s exquisita, esta pasta subtropical seguramente deleitar\u00e1 a los amantes del caf\u00e9 m\u00e1s devotos. Una pasta sin gluten, elaborada con el mejor caf\u00e9 de \u00c1frica Occidental, para obtener un helado con un intenso sabor y el aroma del caf\u00e9 fresco y reci\u00e9n tostado.<\/p>","protected":false},"featured_media":3594,"comment_status":"closed","ping_status":"open","template":"","meta":{"_acf_changed":false},"product_cat":[394,573],"product_tag":[],"pais-productos":[38],"marca-productos":[574],"acf":[],"_links":{"self":[{"href":"https:\/\/alpiste.co.cr\/en\/wp-json\/wp\/v2\/product\/4803"}],"collection":[{"href":"https:\/\/alpiste.co.cr\/en\/wp-json\/wp\/v2\/product"}],"about":[{"href":"https:\/\/alpiste.co.cr\/en\/wp-json\/wp\/v2\/types\/product"}],"replies":[{"embeddable":true,"href":"https:\/\/alpiste.co.cr\/en\/wp-json\/wp\/v2\/comments?post=4803"}],"wp:featuredmedia":[{"embeddable":true,"href":"https:\/\/alpiste.co.cr\/en\/wp-json\/wp\/v2\/media\/3594"}],"wp:attachment":[{"href":"https:\/\/alpiste.co.cr\/en\/wp-json\/wp\/v2\/media?parent=4803"}],"wp:term":[{"taxonomy":"product_cat","embeddable":true,"href":"https:\/\/alpiste.co.cr\/en\/wp-json\/wp\/v2\/product_cat?post=4803"},{"taxonomy":"product_tag","embeddable":true,"href":"https:\/\/alpiste.co.cr\/en\/wp-json\/wp\/v2\/product_tag?post=4803"},{"taxonomy":"pais-productos","embeddable":true,"href":"https:\/\/alpiste.co.cr\/en\/wp-json\/wp\/v2\/pais-productos?post=4803"},{"taxonomy":"marca-productos","embeddable":true,"href":"https:\/\/alpiste.co.cr\/en\/wp-json\/wp\/v2\/marca-productos?post=4803"}],"curies":[{"name":"wp","href":"https:\/\/api.w.org\/{rel}","templated":true}]}}

<p>Los granos de café elaborados a la perfección producen la esencia de café más exquisita, esta pasta subtropical seguramente deleitará a los amantes del café más devotos. Una pasta sin gluten, elaborada con el mejor café de África Occidental, para obtener un helado con un intenso sabor y el aroma del café fresco y recién tostado.</p>
