{"id":4662,"date":"2021-12-15T13:04:42","date_gmt":"2021-12-15T07:04:42","guid":{"rendered":"https:\/\/alpiste.co.cr\/product\/mejorad-text-vellutina\/"},"modified":"2022-07-30T08:56:58","modified_gmt":"2022-07-30T02:56:58","slug":"mejorad-text-vellutina","status":"publish","type":"product","link":"https:\/\/alpiste.co.cr\/en\/product\/mejorad-text-vellutina\/","title":{"rendered":"Mejorad Text. Vellutina  70472  3 Kg"},"content":{"rendered":"<p>https:\/\/alpiste.co.cr\/product\/mejorad-text-vellutina\/<\/p>","protected":false},"excerpt":{"rendered":"<p>Integrador en pasta que puede utilizarse en caliente o fr\u00edo. Mejora la textura (en especial de los helados de fruta) aumentando su cremosidad y overrun. Tambi\u00e9n se recomienda su uso en pasteler\u00eda, para amasar y fermentar la masa. Aplicaci\u00f3n: Frozen Yogurt, Gelato, Helado Suave, Helado Tradicional, Pasteler\u00eda, Sherbet, Sorbetto. Emulsionante.<\/p>","protected":false},"featured_media":3591,"comment_status":"closed","ping_status":"open","template":"","meta":{"_acf_changed":false},"product_cat":[394,573],"product_tag":[],"pais-productos":[38],"marca-productos":[574],"acf":[],"_links":{"self":[{"href":"https:\/\/alpiste.co.cr\/en\/wp-json\/wp\/v2\/product\/4662"}],"collection":[{"href":"https:\/\/alpiste.co.cr\/en\/wp-json\/wp\/v2\/product"}],"about":[{"href":"https:\/\/alpiste.co.cr\/en\/wp-json\/wp\/v2\/types\/product"}],"replies":[{"embeddable":true,"href":"https:\/\/alpiste.co.cr\/en\/wp-json\/wp\/v2\/comments?post=4662"}],"wp:featuredmedia":[{"embeddable":true,"href":"https:\/\/alpiste.co.cr\/en\/wp-json\/wp\/v2\/media\/3591"}],"wp:attachment":[{"href":"https:\/\/alpiste.co.cr\/en\/wp-json\/wp\/v2\/media?parent=4662"}],"wp:term":[{"taxonomy":"product_cat","embeddable":true,"href":"https:\/\/alpiste.co.cr\/en\/wp-json\/wp\/v2\/product_cat?post=4662"},{"taxonomy":"product_tag","embeddable":true,"href":"https:\/\/alpiste.co.cr\/en\/wp-json\/wp\/v2\/product_tag?post=4662"},{"taxonomy":"pais-productos","embeddable":true,"href":"https:\/\/alpiste.co.cr\/en\/wp-json\/wp\/v2\/pais-productos?post=4662"},{"taxonomy":"marca-productos","embeddable":true,"href":"https:\/\/alpiste.co.cr\/en\/wp-json\/wp\/v2\/marca-productos?post=4662"}],"curies":[{"name":"wp","href":"https:\/\/api.w.org\/{rel}","templated":true}]}}

<p>Integrador en pasta que puede utilizarse en caliente o frío. Mejora la textura (en especial de los helados de fruta) aumentando su cremosidad y overrun. También se recomienda su uso en pastelería, para amasar y fermentar la masa. Aplicación: Frozen Yogurt, Gelato, Helado Suave, Helado Tradicional, Pastelería, Sherbet, Sorbetto. Emulsionante.</p>
