{"id":4257,"date":"2021-12-15T07:02:56","date_gmt":"2021-12-15T07:02:56","guid":{"rendered":"https:\/\/alpiste.co.cr\/product\/goya-frijoles-negros-black-beans\/"},"modified":"2022-07-30T08:56:20","modified_gmt":"2022-07-30T02:56:20","slug":"goya-frijoles-negros-black-beans","status":"publish","type":"product","link":"https:\/\/alpiste.co.cr\/en\/product\/goya-frijoles-negros-black-beans\/","title":{"rendered":"Goya Frijoles Negros (Black Beans)"},"content":{"rendered":"<p>https:\/\/alpiste.co.cr\/product\/goya-frijoles-negros-black-beans\/<\/p>","protected":false},"excerpt":{"rendered":"<p>Frijoles negros, ganadores del premio\u00a0ChefsBest\u00ae Excellence Award*, tienen un gran sabor con una textura suave y cremosa. Son favoritos en una gran variedad de platos, como los cl\u00e1sicos frijoles con arroz; adem\u00e1s son el ingrediente perfecto para preparar sopas, estofados y muchas m\u00e1s recetas. Contienen fibra, hierro y potasio, no contienen colesterol ni gluten.<\/p>","protected":false},"featured_media":3302,"comment_status":"closed","ping_status":"open","template":"","meta":{"_acf_changed":false},"product_cat":[394,410],"product_tag":[],"pais-productos":[237],"marca-productos":[487],"acf":[],"_links":{"self":[{"href":"https:\/\/alpiste.co.cr\/en\/wp-json\/wp\/v2\/product\/4257"}],"collection":[{"href":"https:\/\/alpiste.co.cr\/en\/wp-json\/wp\/v2\/product"}],"about":[{"href":"https:\/\/alpiste.co.cr\/en\/wp-json\/wp\/v2\/types\/product"}],"replies":[{"embeddable":true,"href":"https:\/\/alpiste.co.cr\/en\/wp-json\/wp\/v2\/comments?post=4257"}],"wp:featuredmedia":[{"embeddable":true,"href":"https:\/\/alpiste.co.cr\/en\/wp-json\/wp\/v2\/media\/3302"}],"wp:attachment":[{"href":"https:\/\/alpiste.co.cr\/en\/wp-json\/wp\/v2\/media?parent=4257"}],"wp:term":[{"taxonomy":"product_cat","embeddable":true,"href":"https:\/\/alpiste.co.cr\/en\/wp-json\/wp\/v2\/product_cat?post=4257"},{"taxonomy":"product_tag","embeddable":true,"href":"https:\/\/alpiste.co.cr\/en\/wp-json\/wp\/v2\/product_tag?post=4257"},{"taxonomy":"pais-productos","embeddable":true,"href":"https:\/\/alpiste.co.cr\/en\/wp-json\/wp\/v2\/pais-productos?post=4257"},{"taxonomy":"marca-productos","embeddable":true,"href":"https:\/\/alpiste.co.cr\/en\/wp-json\/wp\/v2\/marca-productos?post=4257"}],"curies":[{"name":"wp","href":"https:\/\/api.w.org\/{rel}","templated":true}]}}

<p>Frijoles negros, ganadores del premio ChefsBest® Excellence Award*, tienen un gran sabor con una textura suave y cremosa. Son favoritos en una gran variedad de platos, como los clásicos frijoles con arroz; además son el ingrediente perfecto para preparar sopas, estofados y muchas más recetas. Contienen fibra, hierro y potasio, no contienen colesterol ni gluten.</p>
