{"id":4111,"date":"2021-12-15T13:02:20","date_gmt":"2021-12-15T07:02:20","guid":{"rendered":"https:\/\/alpiste.co.cr\/product\/prosciutto-parma-rebanado\/"},"modified":"2022-12-22T22:33:38","modified_gmt":"2022-12-22T16:33:38","slug":"prosciutto-parma-rebanado","status":"publish","type":"product","link":"https:\/\/alpiste.co.cr\/en\/product\/prosciutto-parma-rebanado\/","title":{"rendered":"U. Prosciutto Rebanado Parma Ferrarini 90Gr Gf"},"content":{"rendered":"<p>https:\/\/alpiste.co.cr\/product\/prosciutto-parma-rebanado\/<\/p>","protected":false},"excerpt":{"rendered":"<p>Jam\u00f3n de Parma previamente rebanado procesado siguiendo las normas est\u00e1ndar de la DOP \u201cProsciutto di Parma\u201d  \u2013 L\u00e1minas con papel separador \u2013 Tiempo m\u00ednimo de curaci\u00f3n 18 meses &#8211; Carne especializada y certificada para Am\u00e9rica.<\/p>","protected":false},"featured_media":3542,"comment_status":"closed","ping_status":"open","template":"","meta":{"_acf_changed":false},"product_cat":[394,396],"product_tag":[],"pais-productos":[38],"marca-productos":[477],"acf":[],"_links":{"self":[{"href":"https:\/\/alpiste.co.cr\/en\/wp-json\/wp\/v2\/product\/4111"}],"collection":[{"href":"https:\/\/alpiste.co.cr\/en\/wp-json\/wp\/v2\/product"}],"about":[{"href":"https:\/\/alpiste.co.cr\/en\/wp-json\/wp\/v2\/types\/product"}],"replies":[{"embeddable":true,"href":"https:\/\/alpiste.co.cr\/en\/wp-json\/wp\/v2\/comments?post=4111"}],"wp:featuredmedia":[{"embeddable":true,"href":"https:\/\/alpiste.co.cr\/en\/wp-json\/wp\/v2\/media\/3542"}],"wp:attachment":[{"href":"https:\/\/alpiste.co.cr\/en\/wp-json\/wp\/v2\/media?parent=4111"}],"wp:term":[{"taxonomy":"product_cat","embeddable":true,"href":"https:\/\/alpiste.co.cr\/en\/wp-json\/wp\/v2\/product_cat?post=4111"},{"taxonomy":"product_tag","embeddable":true,"href":"https:\/\/alpiste.co.cr\/en\/wp-json\/wp\/v2\/product_tag?post=4111"},{"taxonomy":"pais-productos","embeddable":true,"href":"https:\/\/alpiste.co.cr\/en\/wp-json\/wp\/v2\/pais-productos?post=4111"},{"taxonomy":"marca-productos","embeddable":true,"href":"https:\/\/alpiste.co.cr\/en\/wp-json\/wp\/v2\/marca-productos?post=4111"}],"curies":[{"name":"wp","href":"https:\/\/api.w.org\/{rel}","templated":true}]}}

<p>Jamón de Parma previamente rebanado procesado siguiendo las normas estándar de la DOP “Prosciutto di Parma”  – Láminas con papel separador – Tiempo mínimo de curación 18 meses &#8211; Carne especializada y certificada para América.</p>
