{"id":3678,"date":"2021-12-15T13:00:27","date_gmt":"2021-12-15T07:00:27","guid":{"rendered":"https:\/\/alpiste.co.cr\/product\/mezcla-para-queque-de-vainilla-mix\/"},"modified":"2022-07-30T08:55:19","modified_gmt":"2022-07-30T02:55:19","slug":"mezcla-para-queque-de-vainilla-mix","status":"publish","type":"product","link":"https:\/\/alpiste.co.cr\/en\/product\/mezcla-para-queque-de-vainilla-mix\/","title":{"rendered":"Bob S Rm Gf Mezcla Queque Vanilla Mix Gf"},"content":{"rendered":"<p>https:\/\/alpiste.co.cr\/product\/mezcla-para-queque-de-vainilla-mix\/<\/p>","protected":false},"excerpt":{"rendered":"<p>La mezcla para pastel de vainilla sin gluten est\u00e1 hecha con una combinaci\u00f3n perfecta de harinas y almidones sin gluten para crear el pastel sin gluten m\u00e1s ligero y esponjoso que jam\u00e1s haya creado. Use esta mezcla para crear un hermoso pastel amarillo o como base para su receta de pastel favorita que comienza con un pastel amarillo. Dise\u00f1ada espec\u00edficamente para personas sensibles al trigo o al gluten.<\/p>","protected":false},"featured_media":3379,"comment_status":"closed","ping_status":"open","template":"","meta":{"_acf_changed":false},"product_cat":[394,410],"product_tag":[],"pais-productos":[237],"marca-productos":[412],"acf":[],"_links":{"self":[{"href":"https:\/\/alpiste.co.cr\/en\/wp-json\/wp\/v2\/product\/3678"}],"collection":[{"href":"https:\/\/alpiste.co.cr\/en\/wp-json\/wp\/v2\/product"}],"about":[{"href":"https:\/\/alpiste.co.cr\/en\/wp-json\/wp\/v2\/types\/product"}],"replies":[{"embeddable":true,"href":"https:\/\/alpiste.co.cr\/en\/wp-json\/wp\/v2\/comments?post=3678"}],"wp:featuredmedia":[{"embeddable":true,"href":"https:\/\/alpiste.co.cr\/en\/wp-json\/wp\/v2\/media\/3379"}],"wp:attachment":[{"href":"https:\/\/alpiste.co.cr\/en\/wp-json\/wp\/v2\/media?parent=3678"}],"wp:term":[{"taxonomy":"product_cat","embeddable":true,"href":"https:\/\/alpiste.co.cr\/en\/wp-json\/wp\/v2\/product_cat?post=3678"},{"taxonomy":"product_tag","embeddable":true,"href":"https:\/\/alpiste.co.cr\/en\/wp-json\/wp\/v2\/product_tag?post=3678"},{"taxonomy":"pais-productos","embeddable":true,"href":"https:\/\/alpiste.co.cr\/en\/wp-json\/wp\/v2\/pais-productos?post=3678"},{"taxonomy":"marca-productos","embeddable":true,"href":"https:\/\/alpiste.co.cr\/en\/wp-json\/wp\/v2\/marca-productos?post=3678"}],"curies":[{"name":"wp","href":"https:\/\/api.w.org\/{rel}","templated":true}]}}

<p>La mezcla para pastel de vainilla sin gluten está hecha con una combinación perfecta de harinas y almidones sin gluten para crear el pastel sin gluten más ligero y esponjoso que jamás haya creado. Use esta mezcla para crear un hermoso pastel amarillo o como base para su receta de pastel favorita que comienza con un pastel amarillo. Diseñada específicamente para personas sensibles al trigo o al gluten.</p>
